{"id":129,"date":"2019-07-11T18:51:41","date_gmt":"2019-07-11T16:51:41","guid":{"rendered":"http:\/\/amm-aikido.fr\/?page_id=129"},"modified":"2025-09-22T15:59:34","modified_gmt":"2025-09-22T13:59:34","slug":"les-cours","status":"publish","type":"page","link":"http:\/\/amm-aikido.fr\/index.php\/les-enseignements\/les-cours\/","title":{"rendered":"Les cours"},"content":{"rendered":"\n<figure class=\"wp-block-image\"><img loading=\"lazy\" width=\"1500\" height=\"630\" src=\"http:\/\/amm-aikido.fr\/wp-content\/uploads\/2019\/07\/les_cours-1500x630.jpg\" alt=\"\" class=\"wp-image-173\"\/><\/figure>\n\n\n\n<hr class=\"wp-block-separator has-css-opacity\"\/>\n\n\n\n<h2> Pr\u00e9sentation des diff\u00e9rents cours propos\u00e9 au club <\/h2>\n\n\n\n<div class=\"wp-block-media-text alignwide is-stacked-on-mobile\"><figure class=\"wp-block-media-text__media\"><img loading=\"lazy\" width=\"699\" height=\"1030\" src=\"http:\/\/amm-aikido.fr\/wp-content\/uploads\/2024\/07\/429850073_1116210546174735_264613064292148166_n-699x1030.jpg\" alt=\"\" class=\"wp-image-643 size-full\" srcset=\"http:\/\/amm-aikido.fr\/wp-content\/uploads\/2024\/07\/429850073_1116210546174735_264613064292148166_n-699x1030.jpg 699w, http:\/\/amm-aikido.fr\/wp-content\/uploads\/2024\/07\/429850073_1116210546174735_264613064292148166_n-204x300.jpg 204w, http:\/\/amm-aikido.fr\/wp-content\/uploads\/2024\/07\/429850073_1116210546174735_264613064292148166_n-478x705.jpg 478w, http:\/\/amm-aikido.fr\/wp-content\/uploads\/2024\/07\/429850073_1116210546174735_264613064292148166_n-450x663.jpg 450w, http:\/\/amm-aikido.fr\/wp-content\/uploads\/2024\/07\/429850073_1116210546174735_264613064292148166_n.jpg 720w\" sizes=\"(max-width: 699px) 100vw, 699px\" \/><\/figure><div class=\"wp-block-media-text__content\">\n<h3>Adultes  et adolescents:<\/h3>\n\n\n\n<p><\/p>\n\n\n\n<p>N&rsquo;h\u00e9sitez pas \u00e0 venir d\u00e9couvrir gratuitement, pour un cours, l&rsquo;Aikido ! <\/p>\n\n\n\n<p><\/p>\n\n\n\n<p>\u2013&nbsp;<strong>Lundi 19h00 \u00e0 20h30 :<\/strong><br>A\u00efkido, tous niveaux, dojo du CCC 6a, rue de la Tuilerie \u00e0 MULHOUSE.<\/p>\n\n\n\n<p>\u2013\u00a0<strong>Jeudi de 19h00 \u00e0 20h30 :<\/strong><br>A\u00efkido et armes (ken, jo et tanto) tous niveaux, dojo Milhusina Rue des Gymnases, 68200 Mulhouse<\/p>\n\n\n\n<p><\/p>\n\n\n\n<h3> Informations pratiques : <\/h3>\n\n\n\n<p> Les inscriptions sont possibles toute l\u2019ann\u00e9e pour les jeunes \u00e0 partir de 13 ans. Pour en savoir plus sur les tarifs, contactez-nous ou rendez-vous au club aux heures habituelles.<\/p>\n<\/div><\/div>\n\n\n\n<hr class=\"wp-block-separator has-css-opacity\"\/>\n\n\n\n<div class=\"wp-block-media-text alignwide is-stacked-on-mobile\"><figure class=\"wp-block-media-text__media\"><img loading=\"lazy\" width=\"1030\" height=\"708\" src=\"http:\/\/amm-aikido.fr\/wp-content\/uploads\/2024\/10\/Rentree-2024-1030x708.jpg\" alt=\"\" class=\"wp-image-666 size-full\" srcset=\"http:\/\/amm-aikido.fr\/wp-content\/uploads\/2024\/10\/Rentree-2024-1030x708.jpg 1030w, http:\/\/amm-aikido.fr\/wp-content\/uploads\/2024\/10\/Rentree-2024-300x206.jpg 300w, http:\/\/amm-aikido.fr\/wp-content\/uploads\/2024\/10\/Rentree-2024-768x528.jpg 768w, http:\/\/amm-aikido.fr\/wp-content\/uploads\/2024\/10\/Rentree-2024-1536x1056.jpg 1536w, http:\/\/amm-aikido.fr\/wp-content\/uploads\/2024\/10\/Rentree-2024-2048x1409.jpg 2048w, http:\/\/amm-aikido.fr\/wp-content\/uploads\/2024\/10\/Rentree-2024-1500x1032.jpg 1500w, http:\/\/amm-aikido.fr\/wp-content\/uploads\/2024\/10\/Rentree-2024-705x485.jpg 705w, http:\/\/amm-aikido.fr\/wp-content\/uploads\/2024\/10\/Rentree-2024-450x310.jpg 450w\" sizes=\"(max-width: 1030px) 100vw, 1030px\" \/><\/figure><div class=\"wp-block-media-text__content\">\n<p>Rentr\u00e9e 2024 en force!<\/p>\n<\/div><\/div>\n\n\n\n<p><\/p>\n\n\n\n<div class=\"wp-block-media-text alignwide is-stacked-on-mobile\"><figure class=\"wp-block-media-text__media\"><img loading=\"lazy\" width=\"1030\" height=\"465\" src=\"http:\/\/amm-aikido.fr\/wp-content\/uploads\/2024\/06\/received_1864727010707003-1030x465.jpeg\" alt=\"\" class=\"wp-image-615 size-full\" srcset=\"http:\/\/amm-aikido.fr\/wp-content\/uploads\/2024\/06\/received_1864727010707003-1030x465.jpeg 1030w, http:\/\/amm-aikido.fr\/wp-content\/uploads\/2024\/06\/received_1864727010707003-300x135.jpeg 300w, http:\/\/amm-aikido.fr\/wp-content\/uploads\/2024\/06\/received_1864727010707003-768x346.jpeg 768w, http:\/\/amm-aikido.fr\/wp-content\/uploads\/2024\/06\/received_1864727010707003-1536x693.jpeg 1536w, http:\/\/amm-aikido.fr\/wp-content\/uploads\/2024\/06\/received_1864727010707003-1500x676.jpeg 1500w, http:\/\/amm-aikido.fr\/wp-content\/uploads\/2024\/06\/received_1864727010707003-705x318.jpeg 705w, http:\/\/amm-aikido.fr\/wp-content\/uploads\/2024\/06\/received_1864727010707003-450x203.jpeg 450w, http:\/\/amm-aikido.fr\/wp-content\/uploads\/2024\/06\/received_1864727010707003.jpeg 1734w\" sizes=\"(max-width: 1030px) 100vw, 1030px\" \/><\/figure><div class=\"wp-block-media-text__content\">\n<p>Le club est fier d&rsquo;accueillir 2 nouveaux enseignants titulaires du brevet f\u00e9d\u00e9ral.<\/p>\n\n\n\n<p>Yavuz Toklu 3eme Dan<\/p>\n\n\n\n<p>Pascal Willemart 1er Dan<\/p>\n<\/div><\/div>\n","protected":false},"excerpt":{"rendered":"<p>Pr\u00e9sentation des diff\u00e9rents cours propos\u00e9 au club Adultes et adolescents: N&rsquo;h\u00e9sitez pas \u00e0 venir d\u00e9couvrir gratuitement, pour un cours, l&rsquo;Aikido ! \u2013&nbsp;Lundi 19h00 \u00e0 20h30 :A\u00efkido, tous niveaux, dojo du CCC 6a, rue de la Tuilerie \u00e0 MULHOUSE. \u2013\u00a0Jeudi de 19h00 \u00e0 20h30 :A\u00efkido et armes (ken, jo et tanto) tous niveaux, dojo Milhusina Rue [&hellip;]<\/p>\n","protected":false},"author":1,"featured_media":0,"parent":83,"menu_order":0,"comment_status":"closed","ping_status":"closed","template":"","meta":[],"_links":{"self":[{"href":"http:\/\/amm-aikido.fr\/index.php\/wp-json\/wp\/v2\/pages\/129"}],"collection":[{"href":"http:\/\/amm-aikido.fr\/index.php\/wp-json\/wp\/v2\/pages"}],"about":[{"href":"http:\/\/amm-aikido.fr\/index.php\/wp-json\/wp\/v2\/types\/page"}],"author":[{"embeddable":true,"href":"http:\/\/amm-aikido.fr\/index.php\/wp-json\/wp\/v2\/users\/1"}],"replies":[{"embeddable":true,"href":"http:\/\/amm-aikido.fr\/index.php\/wp-json\/wp\/v2\/comments?post=129"}],"version-history":[{"count":26,"href":"http:\/\/amm-aikido.fr\/index.php\/wp-json\/wp\/v2\/pages\/129\/revisions"}],"predecessor-version":[{"id":821,"href":"http:\/\/amm-aikido.fr\/index.php\/wp-json\/wp\/v2\/pages\/129\/revisions\/821"}],"up":[{"embeddable":true,"href":"http:\/\/amm-aikido.fr\/index.php\/wp-json\/wp\/v2\/pages\/83"}],"wp:attachment":[{"href":"http:\/\/amm-aikido.fr\/index.php\/wp-json\/wp\/v2\/media?parent=129"}],"curies":[{"name":"wp","href":"https:\/\/api.w.org\/{rel}","templated":true}]}}