{"id":13,"date":"2019-07-07T16:31:35","date_gmt":"2019-07-07T14:31:35","guid":{"rendered":"http:\/\/amm-aikido.fr\/?page_id=13"},"modified":"2025-12-17T19:06:24","modified_gmt":"2025-12-17T18:06:24","slug":"accueil","status":"publish","type":"page","link":"http:\/\/amm-aikido.fr\/","title":{"rendered":"Accueil"},"content":{"rendered":"\n<div class=\"wp-block-cover is-light has-parallax\" style=\"background-image:url(http:\/\/amm-aikido.fr\/wp-content\/uploads\/2019\/07\/IMG_0391.jpg)\"><span aria-hidden=\"true\" class=\"wp-block-cover__background has-background-dim\"><\/span><div class=\"wp-block-cover__inner-container\">\n<p class=\"has-text-align-center\" style=\"font-size:32px\">BIENVENUE SUR LE SITE D&rsquo;ARTS MARTIAUX MULHOUSE  <\/p>\n\n\n\n<p class=\"has-text-align-center has-medium-font-size\">\n\nUne voie, une \u00e9nergie, une philosophie\n\n<\/p>\n\n\n\n<div class=\"wp-block-button aligncenter\"><a class=\"wp-block-button__link\" href=\"http:\/\/amm-aikido.fr\/index.php\/le-club\/\"> En d\u00e9couvrir plus <\/a><\/div>\n<\/div><\/div>\n\n\n\n<hr class=\"wp-block-separator has-css-opacity\"\/>\n\n\n\n<div class=\"wp-block-media-text alignwide is-stacked-on-mobile\"><figure class=\"wp-block-media-text__media\"><img loading=\"lazy\" width=\"218\" height=\"604\" src=\"http:\/\/amm-aikido.fr\/wp-content\/uploads\/2025\/12\/aikido-kanji-con-gorro-papc3a1-noel.jpg\" alt=\"\" class=\"wp-image-843 size-full\" srcset=\"http:\/\/amm-aikido.fr\/wp-content\/uploads\/2025\/12\/aikido-kanji-con-gorro-papc3a1-noel.jpg 218w, http:\/\/amm-aikido.fr\/wp-content\/uploads\/2025\/12\/aikido-kanji-con-gorro-papc3a1-noel-108x300.jpg 108w\" sizes=\"(max-width: 218px) 100vw, 218px\" \/><\/figure><div class=\"wp-block-media-text__content\">\n<p><strong>Passez de joyeuses f\u00eates de fin d&rsquo;ann\u00e9e!!!<\/strong><\/p>\n<\/div><\/div>\n\n\n\n<div class=\"wp-block-media-text alignwide\"><figure class=\"wp-block-media-text__media\"><img loading=\"lazy\" width=\"1030\" height=\"687\" src=\"http:\/\/amm-aikido.fr\/wp-content\/uploads\/2019\/07\/aikido-4018649_1920-1-1030x687.jpg\" alt=\"\" class=\"wp-image-35\" srcset=\"http:\/\/amm-aikido.fr\/wp-content\/uploads\/2019\/07\/aikido-4018649_1920-1-1030x687.jpg 1030w, http:\/\/amm-aikido.fr\/wp-content\/uploads\/2019\/07\/aikido-4018649_1920-1-300x200.jpg 300w, http:\/\/amm-aikido.fr\/wp-content\/uploads\/2019\/07\/aikido-4018649_1920-1-768x512.jpg 768w, http:\/\/amm-aikido.fr\/wp-content\/uploads\/2019\/07\/aikido-4018649_1920-1-1500x1000.jpg 1500w, http:\/\/amm-aikido.fr\/wp-content\/uploads\/2019\/07\/aikido-4018649_1920-1-705x470.jpg 705w, http:\/\/amm-aikido.fr\/wp-content\/uploads\/2019\/07\/aikido-4018649_1920-1-450x300.jpg 450w, http:\/\/amm-aikido.fr\/wp-content\/uploads\/2019\/07\/aikido-4018649_1920-1.jpg 1920w\" sizes=\"(max-width: 1030px) 100vw, 1030px\" \/><\/figure><div class=\"wp-block-media-text__content\">\n\n<p><\/p>\n\n\n<h2> L\u2019a\u00efkido qu\u2019est ce que c\u2019est <\/h2>\n\n\n<p> a\u00efkido est un budo, fond\u00e9 par Morihei Ueshiba au cours du&nbsp;XXe&nbsp;si\u00e8cle, (officiellement reconnu par le gouvernement japonais en 1940 sous le nom d\u2019<em>aikibudo<\/em>), mais bas\u00e9 sur des \u00e9coles d\u2019arts martiaux bien plus anciennes &#8230;<\/p>\n\n\n<div class=\"wp-block-button alignleft\"><a class=\"wp-block-button__link\" href=\"http:\/\/amm-aikido.fr\/index.php\/laikido\/\">  <em>en lire plus<\/em>  <\/a><\/div>\n\n\n<p><\/p>\n\n<\/div><\/div>\n\n\n\n<div class=\"wp-block-media-text alignwide has-media-on-the-right\"><figure class=\"wp-block-media-text__media\"><img loading=\"lazy\" width=\"1030\" height=\"687\" src=\"http:\/\/amm-aikido.fr\/wp-content\/uploads\/2019\/07\/aikido-4018640_1920-1030x687.jpg\" alt=\"\" class=\"wp-image-23\" srcset=\"http:\/\/amm-aikido.fr\/wp-content\/uploads\/2019\/07\/aikido-4018640_1920-1030x687.jpg 1030w, http:\/\/amm-aikido.fr\/wp-content\/uploads\/2019\/07\/aikido-4018640_1920-300x200.jpg 300w, http:\/\/amm-aikido.fr\/wp-content\/uploads\/2019\/07\/aikido-4018640_1920-768x512.jpg 768w, http:\/\/amm-aikido.fr\/wp-content\/uploads\/2019\/07\/aikido-4018640_1920-1500x1000.jpg 1500w, http:\/\/amm-aikido.fr\/wp-content\/uploads\/2019\/07\/aikido-4018640_1920-705x470.jpg 705w, http:\/\/amm-aikido.fr\/wp-content\/uploads\/2019\/07\/aikido-4018640_1920-450x300.jpg 450w, http:\/\/amm-aikido.fr\/wp-content\/uploads\/2019\/07\/aikido-4018640_1920.jpg 1920w\" sizes=\"(max-width: 1030px) 100vw, 1030px\" \/><\/figure><div class=\"wp-block-media-text__content\">\n\n<p><\/p>\n\n\n<h2 style=\"text-align:right\"> Nos enseignements <\/h2>\n\n\n<p style=\"text-align:right\">L\u2019a\u00efkido permet de se d\u00e9fendre avec efficacit\u00e9, neutraliser l\u2019agressivit\u00e9<br> d\u2019un attaquant, l\u2019a\u00efkidoka se prot\u00e8ge gr\u00e2ce \u00e0 la maitrise de soi, il \u00e9vite de blesser son adversaire.<\/p>\n\n\n<div class=\"wp-block-button alignright\"><a class=\"wp-block-button__link\" href=\"http:\/\/amm-aikido.fr\/index.php\/les-enseignements\/\">  <em>en lire plus<\/em>  <\/a><\/div>\n\n\n<p><\/p>\n\n<\/div><\/div>\n\n\n\n<hr class=\"wp-block-separator has-css-opacity\"\/>\n\n\n\n<h2 class=\"has-text-align-center\">L&rsquo;\u00e9quipe<\/h2>\n\n\n\n<div class=\"wp-container-4 wp-block-columns has-3-columns\">\n<div class=\"wp-container-1 wp-block-column\"><div class=\"wp-block-image\">\n<figure class=\"aligncenter\"><img loading=\"lazy\" width=\"500\" height=\"500\" src=\"http:\/\/amm-aikido.fr\/wp-content\/uploads\/2019\/07\/3.jpg\" alt=\"\" class=\"wp-image-162\" srcset=\"http:\/\/amm-aikido.fr\/wp-content\/uploads\/2019\/07\/3.jpg 500w, http:\/\/amm-aikido.fr\/wp-content\/uploads\/2019\/07\/3-80x80.jpg 80w, http:\/\/amm-aikido.fr\/wp-content\/uploads\/2019\/07\/3-300x300.jpg 300w, http:\/\/amm-aikido.fr\/wp-content\/uploads\/2019\/07\/3-36x36.jpg 36w, http:\/\/amm-aikido.fr\/wp-content\/uploads\/2019\/07\/3-180x180.jpg 180w, http:\/\/amm-aikido.fr\/wp-content\/uploads\/2019\/07\/3-120x120.jpg 120w, http:\/\/amm-aikido.fr\/wp-content\/uploads\/2019\/07\/3-450x450.jpg 450w\" sizes=\"(max-width: 500px) 100vw, 500px\" \/><\/figure><\/div>\n\n\n<p class=\"has-text-align-center\"> OLIVIER COGNARD<br>4\u00c8ME DAN D\u2019A\u00cfKIDO<br>TITULAIRE DU BREVET F\u00c9D\u00c9RAL <\/p>\n<\/div>\n\n\n\n<div class=\"wp-container-2 wp-block-column\">\n<figure class=\"wp-block-image size-large is-resized\"><img loading=\"lazy\" src=\"http:\/\/amm-aikido.fr\/wp-content\/uploads\/2024\/07\/Yavuz-2-684x1030.jpg\" alt=\"\" class=\"wp-image-648\" width=\"306\" height=\"460\" srcset=\"http:\/\/amm-aikido.fr\/wp-content\/uploads\/2024\/07\/Yavuz-2-684x1030.jpg 684w, http:\/\/amm-aikido.fr\/wp-content\/uploads\/2024\/07\/Yavuz-2-199x300.jpg 199w, http:\/\/amm-aikido.fr\/wp-content\/uploads\/2024\/07\/Yavuz-2-468x705.jpg 468w, http:\/\/amm-aikido.fr\/wp-content\/uploads\/2024\/07\/Yavuz-2-450x677.jpg 450w, http:\/\/amm-aikido.fr\/wp-content\/uploads\/2024\/07\/Yavuz-2.jpg 764w\" sizes=\"(max-width: 306px) 100vw, 306px\" \/><\/figure>\n\n\n\n<p class=\"has-text-align-center\">  YAVUZ TOKLU<br>4\u00c8ME DAN D\u2019A\u00cfKIDO<br>TITULAIRE DU BREVET F\u00c9D\u00c9RAL  <\/p>\n<\/div>\n\n\n\n<div class=\"wp-container-3 wp-block-column\">\n<figure class=\"wp-block-image size-full\"><img loading=\"lazy\" width=\"500\" height=\"500\" src=\"http:\/\/amm-aikido.fr\/wp-content\/uploads\/2019\/07\/5.jpg\" alt=\"\" class=\"wp-image-185\" srcset=\"http:\/\/amm-aikido.fr\/wp-content\/uploads\/2019\/07\/5.jpg 500w, http:\/\/amm-aikido.fr\/wp-content\/uploads\/2019\/07\/5-80x80.jpg 80w, http:\/\/amm-aikido.fr\/wp-content\/uploads\/2019\/07\/5-300x300.jpg 300w, http:\/\/amm-aikido.fr\/wp-content\/uploads\/2019\/07\/5-36x36.jpg 36w, http:\/\/amm-aikido.fr\/wp-content\/uploads\/2019\/07\/5-180x180.jpg 180w, http:\/\/amm-aikido.fr\/wp-content\/uploads\/2019\/07\/5-120x120.jpg 120w, http:\/\/amm-aikido.fr\/wp-content\/uploads\/2019\/07\/5-450x450.jpg 450w\" sizes=\"(max-width: 500px) 100vw, 500px\" \/><\/figure>\n\n\n\n<p class=\"has-text-align-center\">Emmanuel  FRADIER<br> PR\u00c9SIDENT<\/p>\n\n\n\n<p>                           1ER DAN D\u2019A\u00cfKIDO<\/p>\n<\/div>\n<\/div>\n\n\n\n<div class=\"wp-block-button aligncenter\"><a class=\"wp-block-button__link\" href=\"http:\/\/amm-aikido.fr\/index.php\/le-club\/\"> <em>d\u00e9couvrez l\u2019\u00e9quipe au complet<\/em> <\/a><\/div>\n","protected":false},"excerpt":{"rendered":"<p>Passez de joyeuses f\u00eates de fin d&rsquo;ann\u00e9e!!! L&rsquo;\u00e9quipe OLIVIER COGNARD4\u00c8ME DAN D\u2019A\u00cfKIDOTITULAIRE DU BREVET F\u00c9D\u00c9RAL YAVUZ TOKLU4\u00c8ME DAN D\u2019A\u00cfKIDOTITULAIRE DU BREVET F\u00c9D\u00c9RAL Emmanuel FRADIER PR\u00c9SIDENT 1ER DAN D\u2019A\u00cfKIDO<\/p>\n","protected":false},"author":1,"featured_media":0,"parent":0,"menu_order":0,"comment_status":"closed","ping_status":"closed","template":"","meta":[],"_links":{"self":[{"href":"http:\/\/amm-aikido.fr\/index.php\/wp-json\/wp\/v2\/pages\/13"}],"collection":[{"href":"http:\/\/amm-aikido.fr\/index.php\/wp-json\/wp\/v2\/pages"}],"about":[{"href":"http:\/\/amm-aikido.fr\/index.php\/wp-json\/wp\/v2\/types\/page"}],"author":[{"embeddable":true,"href":"http:\/\/amm-aikido.fr\/index.php\/wp-json\/wp\/v2\/users\/1"}],"replies":[{"embeddable":true,"href":"http:\/\/amm-aikido.fr\/index.php\/wp-json\/wp\/v2\/comments?post=13"}],"version-history":[{"count":30,"href":"http:\/\/amm-aikido.fr\/index.php\/wp-json\/wp\/v2\/pages\/13\/revisions"}],"predecessor-version":[{"id":845,"href":"http:\/\/amm-aikido.fr\/index.php\/wp-json\/wp\/v2\/pages\/13\/revisions\/845"}],"wp:attachment":[{"href":"http:\/\/amm-aikido.fr\/index.php\/wp-json\/wp\/v2\/media?parent=13"}],"curies":[{"name":"wp","href":"https:\/\/api.w.org\/{rel}","templated":true}]}}